umber?
False
Suppose 2*g + 81 = 4*g - 5*z, -5*g + 3*z = -193. Suppose 3*x = -12 - 6. Is (g/x)/((-2)/6) a prime number?
True
Suppose 0 = 5*p - 560 - 45. Let f be 1*-71 + 21 + -18. Let r = p + f. Is r composite?
False
Suppose 239 = d - 5*m, m + 2 - 1 = 0. Let i = d + -85. Is i prime?
True
Let c(v) be the third derivative of -7/6*v**3 + 1/8*v**4 + 0 + 7/60*v**5 + 0*v - 3*v**2 - 1/120*v**6. Is c(6) a prime number?
True
Let l = 576 - 268. Let h = 780 - l. Suppose 3*c - 449 = h. Is c a prime number?
True
Let j be (-1 - 4)*443/(-5). Let g = -315 + j. Let f = g + -61. Is f a composite number?
False
Let r = 325 + 172. Suppose -3*k - r = -9938. Suppose -k = -3*l - 0*l. Is l a prime number?
True
Let z = -17 + 20. Suppose z = d, -n = d + 3*d - 199. Is n a prime number?
False
Let a = 2694 + -305. Is a prime?
True
Let y(m) = -28 - 35 + 16 + 72*m + 15*m. Is y(16) composite?
True
Let r(g) = -401*g**3 - 6*g**2 + g + 1. Is r(-3) a prime number?
True
Let m be -914*(-3 - 18/(-4)). Let a(u) = 679*u - 1. Let x be a(-1). Let g = x - m. Is g prime?
True
Suppose -3*p + 56500 = 19909. Is p a prime number?
True
Let t(v) = v**3 + 11*v**2 + 9*v - 6. Let m be t(-10). Is 363 - (m - 2) - -4 composite?
True
Suppose -5441 = -v - 2*m, 14*v - 21780 = 10*v - 4*m. Is v a composite number?
False
Suppose -5*l + r + 20 = 2*r, r - 12 = -3*l. Suppose -3*o = f + 14, -l*o - 24 = -4*f - 0*f. Is (-2)/(-4)*(-150)/o prime?
False
Let t(z) = 3 + 1 - 25*z - 7. Let w be t(3). Is w/(-8)*(-24)/(-18) a prime number?
True
Let u = 7 + -11. Let g be -2*6*(4 - u). Let v = g - -313. Is v a composite number?
True
Suppose 34*u - 154280 = 26702. Is u composite?
False
Suppose -3*s - 4*x + 8*x = 25, 2*s = 5*x - 26. Is 1/s*2*3954/(-4) a composite number?
False
Let b = -37 + 31. Is -1*b/((-12)/(-3514)) prime?
False
Suppose 5*z - 27 = 33. Let m(a) = -a**2 + 24*a - 25. Is m(z) composite?
True
Let j(x) = 15*x**3 + 2*x**2 - x - 10. Let o(u) = 15*u**3 + u**2 - 9. Let p(l) = 2*j(l) - 3*o(l). Is p(-4) prime?
True
Let x be 1/(-2)*(-114 + -4). Suppose -885 = -x*z + 54*z. Is z prime?
False
Let o(d) = 74*d**2 - 25*d - 11. Is o(14) a prime number?
True
Suppose -16*b - 10649 = -51561. Is b a composite number?
False
Let x = -22 + 26. Suppose 1663 = x*d - 141. Is d a composite number?
True
Suppose 5*p - 3077 = 4*k + 3358, 3*p = -5*k - 8016. Let y = k - -2518. Suppose m + 2*v - y = 0, 6 = -0*v - 3*v. Is m prime?
False
Let m(z) = z**3 - 11*z**2 - 20*z + 14. Let r be m(14). Suppose 3*x + r - 1273 = 0. Is x a composite number?
False
Let f = -121 + 119. Let g(d) = -28*d**3 - 5*d**2 - 9*d - 4. Is g(f) composite?
True
Let a(v) = -846*v**3 + 3*v**2 + 3*v + 5. Is a(-2) a prime number?
True
Suppose 4*z - z + 5*x - 16 = 0, 0 = z - 2*x + 13. Let k = 1 - z. Suppose -3*a = k*v - 125, 2*a = -2*v + 4*v - 80. Is v prime?
False
Suppose 7*w - 2*w + 14080 = 5*c, 2*w + 8451 = 3*c. Is c a prime number?
True
Suppose -2492 = -3*f + 271. Is f a prime number?
False
Is (0/(-3))/(-4) + 4789 composite?
False
Let h be (2 + 1)/(60/21740). Let c = h + -688. Suppose 2*j + c = 989. Is j prime?
False
Let v(l) be the second derivative of -l**5/20 - l**4/6 - 4*l**3/3 + 7*l**2/2 - 10*l. Is v(-12) composite?
False
Let t = 110231 + -63946. Is t a prime number?
False
Let g = -10 + 13. Suppose -3 - 27 = g*d. Is 3/(-5) + (-2096)/d a prime number?
False
Let s = 3 + 1. Suppose 0 = -2*b + t + 4*t - 1, s*b = -3*t + 11. Suppose b*k = -3*k + 635. Is k prime?
True
Suppose -k = x - 761, -3610 - 211 = -5*k + 3*x. Is k composite?
True
Let p = 14 + -12. Suppose n - 4*b + 0 + p = 0, 2*n - 4*b = -20. Let x = -7 - n. Is x prime?
True
Let v(f) = 2*f - 11. Let g be v(11). Suppose 13*r = g*r - 4. Is ((-5)/(20/1608))/r a prime number?
False
Is ((-413)/(-14))/(4/3912*3) composite?
True
Suppose 4*n - 64 = -0*n. Let l = -126 + 122. Is 115*(-4)/n*l composite?
True
Suppose -2*a - w + 393 = 0, -2*a - w + 403 = 2*w. Let n be (-1)/3*-3 - -99. Let p = a - n. Is p prime?
False
Let c(a) = a**3 + 4*a**2 + 3. Let p be c(-3). Is (p/(-36))/((-1)/1221) composite?
True
Suppose 8*x - 4957 + 3765 = 0. Is x a prime number?
True
Let s = 11 - 8. Suppose 0*p - 333 = -s*p. Is p a prime number?
False
Suppose -3*n - 5746 = 2*b - 16739, -n + 3681 = 4*b. Is n a prime number?
False
Let r(w) = 16*w. Suppose -4*k + 22 = -2*k. Let o be r(k). Suppose -5*c - 46 = -o. Is c prime?
False
Let o(p) = -7*p**2 + 6*p + 2. Let y be o(9). Let h = y + 806. Is h prime?
False
Is (0 + 3)/((-28804)/7204 + 4) composite?
False
Let n = -79450 - -114081. Is n composite?
False
Is (2/8)/(1/67036 + 0) prime?
True
Let i(q) be the third derivative of q**5/60 - q**4/3 - 5*q**3/6 - 7*q**2. Let f be i(-12). Suppose 0*v + f = v. Is v composite?
True
Let b(z) = 534*z + 607. Is b(33) composite?
False
Suppose 4*t = -v + 140573, -146551 = -4*t - 3*v - 5976. Is t a composite number?
True
Suppose -l + 1638 - 439 = 0. Is l a prime number?
False
Suppose -4*h = n - 89880, 4*h - n = -h + 112341. Is h composite?
False
Is (-24162)/(-21) + 180/420 prime?
True
Let s = 31 + -18. Is (s - -3505)/(2/1) a composite number?
False
Let q = -394 - -667. Is q - -2*2/4 composite?
True
Suppose 68732 = s - i, 10*s = 5*s - 4*i + 343633. Is s a composite number?
False
Let o(m) = m**3 - m**2 + 161. Let v be o(0). Suppose -v = -4*y + 419. Is y a prime number?
False
Let u(c) = 13*c**2 - 2*c + 11. Let a be (-2)/8 + 161/(-28). Let n be u(a). Suppose -b + n - 174 = 0. Is b prime?
True
Suppose -v = 1 - 3. Let h be 3/((-3)/v) - 745. Let m = -512 - h. Is m a prime number?
False
Suppose 3*c - 5*v = -172, 4*c + 237 = -0*c - v. Let f = c - -82. Is f a composite number?
False
Let l(m) be the second derivative of 11*m**5/2 + m**4/4 - m**3/6 - m**2/2 + 23*m. Is l(2) composite?
True
Suppose 7*r + 0*r = 6209. Is r a prime number?
True
Suppose -2*u - 1456 = 3*l - 8*l, -u + 1157 = 4*l. Is l - (-3 + 0/1) a composite number?
False
Let l = -7 - -12. Let o(d) = -d**3 - 4*d**2 + 2*d - 1. Let x(n) = n**2 + n + 1. Let s(j) = l*x(j) - o(j). Is s(-5) a composite number?
True
Let t(d) be the third derivative of d**6/12 + 7*d**5/60 + d**4/8 - d**3/6 - 10*d**2. Let s be t(-5). Let x = s + 1536. Is x prime?
False
Suppose -2*z + m + 6397 = 0, -12549 = -5*z + 3*m + 3445. Is z a prime number?
False
Let o(i) = 5890*i**2 - 34*i - 71. Is o(-2) prime?
True
Let j(c) = -95*c**3 - c**2 + c - 1. Let w be j(1). Is (-2)/4*-2 - w composite?
False
Suppose -3*y + 5*y + 6 = 0. Let w(x) be the third derivative of x**5/10 - x**4/12 - x**3/6 + 13*x**2. Is w(y) composite?
False
Let v(p) = -p - 12. Let b be v(-14). Suppose b*w - 3*n = 115, 2*n - n = -4*w + 209. Is w a prime number?
True
Let b(z) = z**2 + 10*z - 8. Let c be b(-11). Suppose 0 = -2*f, c*s + 3*f - 114 = -f. Is (-1 - s)/(33/(-22)) a prime number?
False
Suppose 337630 = 6*o + 32*o. Is o a composite number?
True
Let z(u) = -2*u**3 - 4*u**2 - 8*u + 13. Is z(-10) composite?
False
Let h(q) = 1 - 7*q**3 - q**2 + 5*q + 5*q**3 + 5*q**3 - 2*q**3. Is h(6) composite?
False
Suppose 3*k - 103 = -2*m, -4*k + 24 - 221 = -3*m. Suppose w - 47 = m. Is w prime?
False
Let y = -663 - -3560. Is y prime?
True
Let t(j) = 2*j - 2. Let a be t(5). Suppose -a*z + 103 = -49. Is z a composite number?
False
Let x(l) = -l**2 + l - 15. Let y be x(0). Let d = y + 15. Suppose d = 5*v + 2*r - 41, -4*v = -0*v - 3*r - 19. Is v prime?
True
Let s(n) = 10929*n - 1. Let u be s(-1). Is u/(-30) + (-2)/(-3) prime?
False
Let u = -7 - -9. Suppose 0*d = u*d - 382. Is d a composite number?
False
Let q be 9/(-15) - 5332/(-20). Let f = -973 + 1632. Suppose f = n + 4*n - z, z + q = 2*n. Is n a prime number?
True
Suppose x - 3*q - 183 = 5, 3*q = 4*x - 707. Let k be (-24232)/(-130) + 2/(-5). Suppose 2*b - 374 = -4*t, -b - k = -4*t + x. Is t composite?
True
Suppose -5*b + g + 6 = 3*g, g - 3 = 0. Suppose b = 6*t - 3*t + 1068. Let a = t - -643. Is a a prime number?
False
Let g = -83 + 86. Let b(i) = 19*i - 2. Is b(g) a prime number?
False
Let y(l) be the third derivative of -l**5/60 + 5*l**4/24 + 4*l**3/3 + 6*l**2. Let f be y(6). Suppose 0 = f*x - 3*x + 373. Is x a composite number?
False
Let k(i) = 35*i + 24. Let s(d) = 4*d - 17. Let q be s(6). Is k(q) prime?
True
Suppose -3*w = -15, 3*x - 2*w = x + 18. Suppose 12*u = x*u - 4. Is 433/u - 18/12 a composite number?
True
Let y be (0/(-4))/(3/1). Is (-2)/((-6)/69 + y) 